e factors of k?
31
Suppose 25*u = 21*u + 152. List the prime factors of u.
2, 19
Let p = 533 - 316. List the prime factors of p.
7, 31
Let m be (-2 + 26)*((-54)/(-8))/9. What are the prime factors of (-4 + (-51)/(-9))/(15/m)?
2
Let l(r) = 57*r + 7. Suppose -15 = -5*v - 0*v. List the prime factors of l(v).
2, 89
Suppose 88 = 2*o - 6*o. Let w be (-39)/33 + (-4)/o. List the prime factors of w/(106/36 - 3).
2, 3
Let f(y) = -y**3 - 5*y**2 - 9*y + 6. What are the prime factors of f(-3)?
3, 5
Let h(r) = -r**3 + 7*r**2 - 3*r - 10. Let u be h(6). Let o be 1 + (0 - -1) + 0. Let x = u + o. What are the prime factors of x?
2, 5
Let l be ((-18)/(-12))/((-6)/(-8)). Suppose -7*w = -l*w - 5. List the prime factors of -1*(-3 - 22/w).
5
Let l = 33 - 23. Let b(k) = k**3 - 13*k**2 - 13*k - 14. Let j be b(l). What are the prime factors of 10/(-4)*j/15?
2, 37
Suppose 0 = o - 3*w - 6, -o + 4*o = -w - 2. What are the prime factors of 153*(2 + -1) + o?
3, 17
Suppose 8 - 56 = -4*f. Suppose 0 = f*y - 3*y - 1737. List the prime factors of y.
193
Suppose -10 - 10 = o. Let v = 52 + o. Suppose 0*z + 4*z = v. List the prime factors of z.
2
Let o(g) be the first derivative of -g**2/2 + 20*g + 6. Let a be o(6). Suppose -3*n + q + 14 = 0, 3*q - a = n - 2*q. What are the prime factors of n?
2, 3
Suppose 0 = -m + 2*f + 61, f - 58 = -2*m + m. List the prime factors of m.
59
Let c(a) = -a**3 + 8*a**2 + 7*a + 12. Let l be c(9). Let b(m) = -m**2 - 4*m - 8. Let u be b(l). Let q = -13 - u. List the prime factors of q.
7
Let s(y) = -y - 12. Let h(a) = -4. Let k(f) = -7*h(f) + 2*s(f). Let z be k(2). Suppose m = -r + 3*m + 13, r - m - 8 = z. What are the prime factors of r?
3
Let i be ((-3)/(-4))/(2/8). Suppose -i*w + 5*l = -579, w - 173 = 2*l - 7*l. Suppose 5*t - w = -43. List the prime factors of t.
29
Let s be (-4)/6 - (2 - (-1)/3). What are the prime factors of (190*s/(-12))/(1/2)?
5, 19
Let q be 26/(-39) - (-8)/(-6). Let d be q - (-2 + -1 + -4). What are the prime factors of 1/5 + 149/d?
2, 3, 5
Suppose 0 = -b + 80 + 429. Suppose 5*j = -129 + b. Let k = j + -33. What are the prime factors of k?
43
Let z(b) be the second derivative of b**5/10 - 13*b**4/6 - 13*b**3/6 - 13*b**2/2 + 19*b. List the prime factors of z(14).
197
Let x be (-2)/(-15) + 274/(-30). Let g be 12/x*(-6)/(-4). List the prime factors of g/4 - 68/(-8).
2
Suppose 4*v - x = 2927, -4*v - 2*x = -x - 2929. List the prime factors of v.
2, 3, 61
What are the prime factors of 16/(-120) - 3/(45/(-3047))?
7, 29
Suppose 173*g - 4365 = 168*g. What are the prime factors of g?
3, 97
Let p(x) = -2*x**3 + 8*x**2 - x + 3. Let h be p(4). List the prime factors of (-258)/301*h*245/1.
2, 3, 5, 7
Let q = 14 - -6. Suppose -2*r + 2 = -8. Let k = r + q. List the prime factors of k.
5
Suppose -4*u = -0*s - 2*s + 26, 2*s - 2 = -2*u. Suppose 49 = -3*f + s*m + 208, 0 = -f - 5*m + 33. List the prime factors of f.
2, 3
Let d = -66 - -64. Let p be (-26)/(-4) + 1/2. Let u = d + p. List the prime factors of u.
5
Let o be (-3)/(-1 - -2) + 866. Suppose 0 = -5*v + z - 150 + o, -10 = -5*z. List the prime factors of v/5 - 6/10.
2, 7
Suppose d + 10 = -6. Let w = -33 - d. List the prime factors of (-73)/2*34/w.
73
Let b = 1 + 2. Suppose -515 = -b*z + m, -2*m - 6 - 159 = -z. List the prime factors of z.
173
Let p = 7235 - 3835. List the prime factors of p.
2, 5, 17
Let j = -30 - -5. Let b(o) = -2*o + 5. Let r be b(4). Let u = r - j. What are the prime factors of u?
2, 11
Let r(p) = 28*p**2 - 2*p - 30. Let o be r(-7). Suppose -3*t + o = 384. List the prime factors of t.
2, 3
Suppose 27*y - 14921 = 34705. What are the prime factors of y?
2, 919
Suppose 0*l - 4*i = -2*l + 1158, 5*i - 2895 = -5*l. List the prime factors of l.
3, 193
Suppose 5*d = 4*h + 33, -12 - 2 = 2*h - 2*d. Let i(t) = -14*t - 3. What are the prime factors of i(h)?
5
Let i(q) = 58*q - 10. Let z be i(3). Suppose -40 = -4*d + z. List the prime factors of d.
3, 17
Suppose -8*a + 10 = -3*a. Suppose a*u + 3*w = -0*w + 49, -4*u - 2*w = -102. Let t = 23 + u. List the prime factors of t.
7
Let y = -100 + 90. List the prime factors of 1112/y*(1 - 21/6).
2, 139
Let x(p) = 15*p + 23. Let j(f) = 4*f - 1. Let c be j(2). What are the prime factors of x(c)?
2
Let k(y) = -y**3 - 9*y**2 + 12*y + 63. What are the prime factors of k(-14)?
5, 7
Let c(d) = 5*d + 8. What are the prime factors of c(0)?
2
Let t(g) = g**2 - 3*g + 4. Let v be t(3). Let l be v/(-18) - (-122)/(-18). Let b = l + 31. List the prime factors of b.
2, 3
Let u(j) = j**2 + 3. Let c be u(0). Suppose -2*x - 8 = 0, a + 0*x - 20 = 3*x. Suppose -2*h - c*g = -4*g - 88, 4*g - a = 0. List the prime factors of h.
3, 5
Suppose y + y + 33 = -5*h, 3*h = 3*y - 3. Let w be (h + 6)*(-8 - 2). Let x = w - -35. What are the prime factors of x?
5
Suppose -2*j - j - 1213 = -2*i, 4*j = -4. List the prime factors of i.
5, 11
Let l = -98 + 72. Let q = 2 - l. What are the prime factors of q?
2, 7
Let j(b) = -72*b**3 - 4*b**2 + 25*b + 55. List the prime factors of j(-2).
5, 113
Suppose 5*l - 3*p - 633 + 199 = 0, -2*l - 3*p + 161 = 0. Let g = -11 + l. List the prime factors of g*(-2)/16*-4.
37
Let s = 27 + -49. Let j(a) = -a**3 + 13*a**2 - 43*a - 4. Let z be j(5). Let k = z - s. What are the prime factors of k?
3
Let x(t) = -164*t + 619. What are the prime factors of x(-14)?
5, 11, 53
Suppose 4*v = -5*b + 20, 0 = -b + v + 3 + 1. Suppose 0 = 4*u + 16, b*s + 3*u = 19 - 3. What are the prime factors of s?
7
Let g(w) = 45*w**2 + 50*w + 43. What are the prime factors of g(-8)?
3, 29
Let h(g) = -122*g - 137. What are the prime factors of h(-5)?
11, 43
Let c be (1 + -1)*7/7. Suppose c*l + 164 = 2*l. Suppose 46 = 4*x - l. What are the prime factors of x?
2
Let o(i) = i**3 + 2*i**2 - 4*i - 5. Let y be o(4). Let l(f) = 2*f**2 - f - 1. Let v be l(2). Let t = y - v. List the prime factors of t.
2, 5, 7
Let l(j) = -160*j + 158. What are the prime factors of l(-8)?
2, 719
Suppose 4*x - 13 = 63. Let t = x + 31. Suppose 3*j = j + t. List the prime factors of j.
5
Let l(v) = -2*v**3 - 2*v**2 - 1 + 2 + 11*v - 7*v + 6. List the prime factors of l(-3).
31
Let d = 590 - -773. What are the prime factors of d?
29, 47
Let x(t) = -t**3 + 6*t**2 + 19*t + 4. List the prime factors of x(7).
2, 11
Suppose -8*w = 4*i - 4*w - 1512, 0 = -2*w + 2. List the prime factors of i.
13, 29
Let q be (-1)/(-6) - (-46)/12. Suppose 0 = -2*o - 2*k + 7*k + 5, -q*o + 5*k - 5 = 0. List the prime factors of (o - -18)*(-3)/(-1).
3, 13
Let n(g) be the first derivative of 2*g**3/3 - 2*g**2 + 6*g + 18. List the prime factors of n(-5).
2, 19
Let y = 710 - 309. What are the prime factors of y?
401
Suppose -3*f - g + 37 = 0, -4*f = -2*f + 4*g - 28. What are the prime factors of (-68)/(-7) - f/(-42)?
2, 5
Let f(r) = 3*r**3 - 4*r**2 - 9*r - 4. List the prime factors of f(5).
2, 113
Suppose 0 = t + 4*l + 16, 2*t + 2 = -2*l - 0. Suppose 0 = t*g - 8*g - 3*n + 16, -3*n = -4*g + 16. Suppose 103 = g*d - 21. List the prime factors of d.
31
Let f be (-4 + (-636)/(-18))*9/(-2). Let j = 238 + f. List the prime factors of j.
97
What are the prime factors of (-35 - -182) + -1*4?
11, 13
Suppose 7*x - 20 = 2*x. What are the prime factors of (2/2 - -1)/(x/422)?
211
Suppose -598 = -5*x - 2*f + 1193, -2*f - 1422 = -4*x. Let z = 160 + -154. Suppose -x = -t - z*t. What are the prime factors of t?
3, 17
List the prime factors of 269 - 3/(-6)*-10.
2, 3, 11
Let s(b) = -b**3 - 2*b**2 + b + 6. Let o(z) = z**3 + 3*z**2 - 5. Let f(v) = -4*o(v) - 3*s(v). List the prime factors of f(-6).
2, 5
Let l be (14 + -15)/(2*1/(-4)). Suppose 3*x - 2*x + 664 = 5*r, -x = -l*r + 268. What are the prime factors of r?
2, 3, 11
Let j(q) = -99*q - 327. List the prime factors of j(-17).
2, 3, 113
List the prime factors of 33/(-22)*((-3436)/12 - -1).
2, 107
Let d(r) = -10*r + 1. Let v be -4 + -1 + 0/1. Let c be d(v). Suppose c = 3*x - 36. What are the prime factors of x?
29
Suppose -5*l + o = -1399, -4*o + 5*o = -2*l + 561. List the prime factors of l.
2, 5, 7
Let o = -111 + 56. Let b = 91 + o. Suppose 0 = -4*d + b. What are the prime factors of d?
3
Let q(w) = w**3 - 9*w - 11. Let z be q(-6). Let p = -106 - z. List the prime factors of p.
67
Let t = -565 - -990. List the prime factors of t.
5, 17
Suppose 0*x - 15 = -5*x. List the prime factors of (12 + x + -5)*78/5.
